
Calculate -66 + (-52 - 35 - -106).
-47
What is the value of 12 - (-6 + 15) - 10 - (1 + -30)?
22
-45 - -2 - (-10 - ((-2 - 20) + -50 + 66))
-39
Calculate -2 - ((2 - 51) + (12 - (-20 + 21))).
36
What is the value of -5 + 18 + -3 + -10 + 3 + -18?
-15
Evaluate -160 + 2 + (-81 - -118) + 43.
-78
What is the value of -53 + 95 + -73 - 9?
-40
-4 + 9 + 16 + (16 - 29) + 1 + -151
-142
What is (-10 - (14 - (28 - 5))) + (-37 - -33)?
-5
Evaluate 1 - (0 + 1) - 11 - (2455 - 2454).
-12
Evaluate (16 - -3) + (1 + -31 - -40 - (0 + 13)).
16
What is the value of -14 + 11 - (10 + (-10 + (3 - -1) - -1))?
-8
Evaluate 3 + 110 - (96 - (24 - -34)).
75
Calculate 63 + -48 + -227 + 102.
-110
What is the value of (3943 - 3927) + 2 + 4 + -4?
18
Evaluate 2 + -19 - (4 - -11 - 8).
-24
Calculate -31 - (39 - 9 - 67).
6
Calculate -118 + (75 - 28) - 9.
-80
Calculate -76 + (92 - (-67 - -181)).
-98
What is the value of 65 + -37 + 31 + -6?
53
What is the value of -280 - -211 - (-42 + -6)?
-21
Evaluate -43 + 22 + 53 + (12 - 6).
38
Evaluate -17 + (5 - -15) + (-62 - -48).
-11
Calculate 0 + 4 + (1 - 2) + 31 + -42 + 50.
42
(31 - 10) + (0 - 30) + -8
-17
Evaluate -38 - (-16 + (-28 - 27 - -8)).
25
What is (-303 - -221) + 105 + 1 + -57?
-33
(-102 - -75) + (10 - 5 - 3 - 5) + 8
-22
Calculate 5 + 77 + -73 + 51.
60
Calculate -6 - (1 + -13 + 6 - (-5 - (-60 + -2))).
57
What is 122 + -34 + -50 - -15?
53
What is the value of 856 - 843 - (5 + -4)?
12
-2 + 4 + 2 + (-27 - (28 + -93))
42
Evaluate 1 + -111 - (6 + 82 - 80 - (-1 - -21)).
-98
27 - ((-44 - -22) + 63) - (-4 + -1)
-9
What is the value of -18 - (-74 + 197 - 263)?
122
Evaluate -89 + 0 - (14 - 51 - -88 - 67).
-73
What is the value of 11 + 3 + 0 - (48 + -4) - -6?
-24
Evaluate -1 + -1 + 52 - (-22 - (5 - 23)).
54
Evaluate 116 - 65 - 177 - -118.
-8
42 + (-5 + -28 + -127 - -38)
-80
Calculate 1 + -1 + 10 + -35 + 1 + 32 - -59.
67
Evaluate 29 - (45 + -24 + 17).
-9
-37 + (26 - (28 + -10)) - 17
-46
Calculate 1 - -1 - (27 + -15 + (-4 + -6 - -12)).
-12
What is 95 + -95 - -89 - -2?
91
2 + 102 + (-90 - -61)
75
What is the value of 14079 + -14066 - (0 - 2 - (-2 - -72))?
85
What is 25 - (2 + (-2 + -11 - -21) + 1)?
14
-1 + (20 - 47) + -17 + (0 - 8)
-53
Calculate 31 - ((14 - 2) + -16).
35
What is (2764 - 2759) + (1 - 0 - 6) - -13?
13
What is the value of 5 - (9 - 0) - -7 - (-39 + 35)?
7
Evaluate 9 + -1 + -159 + 152 - 11 - -13.
3
Evaluate -61 + (-39 - -27) + 60.
-13
What is -51 + 47 + 2 + -1 + 35?
32
Calculate -53 + -29 + -17 + 15 + -8.
-92
Calculate -19 - (16 + 3 + -16 + -2 - -4).
-24
(40 - ((8 - -3) + -10) - -9) + -5
43
Calculate (49 - 76) + 84 - 154.
-97
Calculate (21 - (15 + (5 - (-3 + 20)))) + -76.
-58
Calculate 31 - ((0 - -8) + (1399 - 1331)).
-45
-11 + 62 + 39 - (23 + 3)
64
-14 + 6 + -66 - (24 - 19)
-79
What is 58 + 29 + (22 + -29 - 1)?
79
Evaluate 12 + 8 + 2 - (-141 + 27 + 35).
101
Evaluate -39 - (727 - 701 - (2 - 37)).
-100
Calculate (-7 - 66) + 80 - (50 + -1).
-42
What is the value of 59 + -17 + 23 + -4 + 8 + -24?
45
What is -3 - 55 - (99 - 140)?
-17
79 + (12 - (-4 + 68))
27
What is the value of -6 + 29 + 2 - 28 - -5?
2
What is (-25 - (-19 + 10)) + (-10 - (4 + -19))?
-11
What is (46 - 32) + 56 + -6 + -18 + 21?
67
Calculate -20 - (-3 + 1 - (1 + -108)).
-125
-11 + 22 - (52 + -31)
-10
What is the value of 136 - 150 - -255 - 131?
110
Evaluate (-1 - -30) + 1 + (6 - (16 - (18 - 18))).
20
-8 + -105 - 9 - (19 - 37) - -14
-90
Evaluate (24 - 61) + 9 + 13.
-15
-5 - -22 - (32 - 24) - 20
-11
Calculate -37 - (-51 + 62 + -55).
7
What is -94 - ((88 - 23) + -131)?
-28
What is (-37 - -3) + 53 + (205 - 119)?
105
What is the value of -15 + 1 + 10 - (-23 - -11)?
8
-12 - (2 + (-1 - (11 + -3))) - 78 - 6
-89
6 + (6 - 5) + 108 + -138
-23
What is -60 - (57 - 144) - 59?
-32
Calculate 14 + (15 - (-3 + 7 - -5)) + -12.
8
Evaluate -6 - -2 - -21 - (65 - (101 - -32)).
85
Evaluate -3 - 4 - (28 - 29) - (3 + -42).
33
Evaluate -120 + 27 - (-5 - (-10 + (-5 - -3))).
-100
What is -4 + -76 - (-416 - -374)?
-38
What is the value of 52 + -1 - -4 - (26 + -46 + -1 + 20)?
56
-3 + -18 + (40 - (89 + -28))
-42
Calculate -287 + 292 - (16 - ((5 - 4) + -5)).
-15
-45 - (-53 - -2 - 92)
98
What is the value of ((6 - -7) + (-64 - (3 + -3)) - -11) + -11?
-51
Evaluate -18 - (-47 - -56) - (-4 + -1 + 13 - -1).
-36
Calculate 28 - 23 - (-42 + (-22 - -9)).
60
Calculate (-8 + -3 - ((2 - 4) + -51)) + (-9 - -18).
51
0 + 16 + 8 + -139 + 109
-6
What is (229 - 77) + -47 - 101?
4
3 + (1 - (-1 + 31)) - (-128 + -7 - -123)
-14
Evaluate -333 + 333 + (1 - (-3 - -3) - 6).
-5
Evaluate 125 - (6 - -21) - 94.
4
What is the value of (-3 + (14 - 6) - -3) + -64?
-56
What is (2 - (14 + -2 + 0)) + (1985 - 1984)?
-9
104 - (57 + -52 + 45)
54
Calculate -31 + 12 + (-34 - -21 - (2 + 108)).
-142
Calculate -16 + (-6 - 2 - -1) + (76 - 77).
-24
Calculate (33 + -126 - -41) + 84.
32
Evaluate 52 - (17 + 47 + 28).
-40
What is the value of 32 + -48 + -6 + 53 + 21?
52
Evaluate (1 + -1 - (72 + -36 + 68)) + (17 - 28).
-115
Calculate (-64 - (-45 - 13)) + 0 + 48.
42
What is 36 - (4 - 35 - -87)?
-20
What is (25 + -1 - -1) + (2 - (-86 + 60 + 32))?
21
What is the value of 0 + -30 - (139 - (-62 + 202))?
-29
What is the value of 13 - (13 + -12 + -4 - (2 + -41))?
-23
What is -25 + (-170 - -192) - (-13 + -1)?
11
What is (0 - (32 - 18 - -25)) + 48?
9
Calculate (1 + 57 - 29) + (9 - 91).
-53
Evaluate 1 + 4 + (-6 - -48) - ((-19 - 2) + 22).
46
(34 - (-1 - 0)) + (97 + -217 - -119)
34
What is (-11 - (-7 + -17)) + -11 + (-34 - (4 - 0))?
-36
56 - (247 + -157) - (0 - (-1 - (1 + 0)))
-36
Evaluate 1 + -32 + (655 + -690 - (1 - 33)).
-34
(-9 - (101 + -2 + -6)) + 27 + -57 + 19
-113
51 - (-33 - -53 - -13)
18
What is (-64 - (9 + -15)) + 42?
-16
What is -17 + 1 + -341 + 337 + 0?
-20
What is the value of 28 + (-1 + 17 - (-304 + 390))?
-42
Calculate -3 + 5 + 12 + 0 + (-20 - -4).
-2
-21 - (-41 - (-60 + 41))
1
What is the value of 9 + 1 + -1 - (-6 + 16) - (-2 - 4)?
5
57 + (-43 + 43 - (13 + (-7 - 1)))
52
What is the value of 21 - (-57 + (33 - -10))?
35
What is the value of -4 + (-15 + 15 - (0 + (-5 - 53)))?
54
Evaluate -30 - 40 - (-8 - 1).
-61
Calculate -25 + (25 - 13) - (17 + -92 + 0).
62
Calculate (1 - 24) + 166 + 1 + 0 + (3 - -2).
149
1 + 1 + 7 - (-12123 + 12115)
17
Evaluate 57 - (-110 + 182) - (2 + -9).
-8
What is the value of -16 + (-8 - -20) - (-12 - -11 - -10)?
-13
What is (-9 - 21) + -8 - (3 + -32)?
-9
What is the value of 3 + -27 - (9 - (-10 - -16)) - (12 - 2)?
-37
What is (4 - (-11 - (11 - 13) - -2)) + (3 - -56)?
70
Evaluate -42 - (36 + -45 + 14 + 15).
-62
Evaluate -5 + 7 + 161 - (64 - 7 - 34).
140
Calculate 1 + -45 + (2 + 3 + -3 - (273 + -260)).
-55
58 + (-40 - (-95 + 100))
13
What is the value of 7 + (2 - (-8 + 2)) + (-8 - (-12 - -11))?
8
Calculate 39 + -70 + -6 + 24 - 12.
-25
Calculate 60 + 26 + -104 + (1 - -58).
41
-36 + -2 + (-18 - -16) - 6 - -10
-36
What is (0 - -46 - (-114 + 140)) + 23?
43
Evaluate 15 - (22 + 18 + (20 - 40)).
-5
Evaluate -31 + (2 - (-7 - -6)) + (-3 + 5 - -2).
-24
(0 - (0 - (-1 + 0))) + -1 - 1
-3
(5 - 0) + (-30 - -32) - ((11 - 34) + 3)
27
(28 - 16 - 52) + 67
27
What is (9 - (-16 - -43 - 22)) + (3 - (54 - -1))?
-48
What is (-10 - 1) + (63 - 33 - -11 - 25)?
5
Calculate -5 - (-1 + 31 + -36 + 11).
-10
What is 33 + -63 + -10 + (0 - -2) + 15?
-23
Evaluate 17 - (-4 + 35 + 12 - 10).
-16
What is the value of (-11 - 6) + 85 + (1 - (2 + (6 - 12)))?
73
(285 + -130 - 178) + (0 - 50)
-73
(-45 - (-27 - 14)) + (11 - -1)
8
What is (-10 + 0 - (-103 + 26 + -16)) + 10?
93
What is the value of 13 + (-113 + (-55 - -44) - 17)?
-128
What is the value of (113 - (31 - (-18 - -25))) + -4?
85
What is -52 - (-4 + 2 - (11 + (-17 - -12)))?
-44
What is (-11 - -17) + -14 + 13 + 7?
12
Calculate -34 + (56 - 26) + 9.
5
What is (16 - 4 - 12) + -10 + (-2 - -1 - -3)?
-8
86 - ((11 - 7) + (-18 - (-8 + 5 + 3)))
100
71 - (-37 + 63 + -4) - (10 + -1 - -2)
38
Calculate 446 + -408 - (5 - (0 - 0) - 3).
36
What is the value of -2 + -181 + 208 - (0 - 4)?
29
What is the value of (-17 - (-24 + (-6 - -14)) - 20) + -14?
-35
What is 32 + (29 + 19 + -25 - 12)?
43
What is (20 - 114) + (-1 - (-2 - 5 - 0 - -8))?
-96
What is 36 - 17 - (-2 + -9 + 10 + 3)?
17
236 + -193 - (13 - 5)
35
Evaluate 77 + (240 - 235) + -2 + 9 + 5.
94
Evaluate (8 + -5 - 85) + (36 - 55) - 15.
-116
(-2 - -4 - 89) + (52 - ((18 - -26) + -2))
-